 prime?
True
Is 99053 composite?
False
Is 3867 a composite number?
True
Is 643285 a prime number?
False
Is 100819 composite?
True
Is 9311 composite?
False
Is 1943 prime?
False
Is 1116743 prime?
True
Is 217253 composite?
False
Is 17403 composite?
True
Is 7807 a prime number?
False
Is 204887 composite?
False
Is 1099 composite?
True
Is 106349 a prime number?
True
Is 107335 a prime number?
False
Is 6971 composite?
False
Is 2179 composite?
False
Is 23927 composite?
True
Is 700019 a composite number?
True
Is 373853 a composite number?
True
Is 404321 a prime number?
True
Is 3436981 a composite number?
False
Is 31 composite?
False
Is 1043369 prime?
True
Is 3323 prime?
True
Is 369389 a prime number?
False
Is 14461 composite?
False
Is 16934 prime?
False
Is 6047 a composite number?
False
Is 27947 prime?
True
Is 264515 a composite number?
True
Is 310141 a composite number?
True
Is 317 a composite number?
False
Is 1529 a prime number?
False
Is 18503 a prime number?
True
Is 71119 prime?
True
Is 806951 composite?
False
Is 5317 a composite number?
True
Is 11901 a composite number?
True
Is 122443 a composite number?
False
Is 122723 a composite number?
True
Is 90161 prime?
False
Is 16319 composite?
False
Is 15497 a prime number?
True
Is 31709 prime?
False
Is 497929 a composite number?
False
Is 59863 composite?
False
Is 3924179 composite?
True
Is 13649 a composite number?
False
Is 11827 composite?
False
Is 7639 a composite number?
False
Is 72697 composite?
True
Is 296417 a prime number?
False
Is 668503 prime?
False
Is 77471 prime?
True
Is 47023 a composite number?
True
Is 70373 prime?
True
Is 813991 a composite number?
False
Is 4273519 prime?
True
Is 62461 prime?
False
Is 7883 a prime number?
True
Is 1471177 a composite number?
False
Is 22262 a prime number?
False
Is 12605 prime?
False
Is 8039 prime?
True
Is 224699 composite?
False
Is 18021 a prime number?
False
Is 251077 composite?
True
Is 9379 composite?
True
Is 21869 a composite number?
True
Is 5963 prime?
False
Is 5171 a prime number?
True
Is 6247 a composite number?
False
Is 2571 a composite number?
True
Is 1031 a composite number?
False
Is 184451 a composite number?
True
Is 114339 a composite number?
True
Is 1329 composite?
True
Is 907 prime?
True
Is 10687 prime?
True
Is 1399 composite?
False
Is 577867 composite?
False
Is 1213 a prime number?
True
Is 683455 a prime number?
False
Is 1400303 prime?
True
Is 314057 prime?
False
Is 14741 a prime number?
True
Is 282767 a prime number?
True
Is 6065 a composite number?
True
Is 309059 composite?
False
Is 12049 prime?
True
Is 40343 a composite number?
False
Is 241021 a composite number?
True
Is 150478 composite?
True
Is 17669 prime?
True
Is 1753313 prime?
False
Is 34462 a prime number?
False
Is 136637 a composite number?
True
Is 9057 composite?
True
Is 190871 a composite number?
False
Is 1412087 a prime number?
True
Is 1829389 a prime number?
True
Is 2927 composite?
False
Is 523 composite?
False
Is 10529 prime?
True
Is 21241 a prime number?
False
Is 10973 composite?
False
Is 1307645 a composite number?
True
Is 47189 a composite number?
False
Is 60619 composite?
True
Is 4567 a prime number?
True
Is 10487 a composite number?
False
Is 674269 a composite number?
False
Is 132929 a prime number?
True
Is 1680167 composite?
False
Is 239671 prime?
True
Is 46894 a composite number?
True
Is 77023 a prime number?
True
Is 287753 composite?
True
Is 144659 a composite number?
False
Is 90599 composite?
False
Is 443843 a prime number?
False
Is 1121203 prime?
True
Is 307 a prime number?
True
Is 15427 composite?
False
Is 118361 a composite number?
False
Is 147073 a composite number?
False
Is 7781 prime?
False
Is 8663 prime?
True
Is 48383 composite?
False
Is 790553 a prime number?
False
Is 19187 a composite number?
True
Is 1932251 a prime number?
False
Is 18799 a prime number?
False
Is 9511 composite?
False
Is 73111 a composite number?
True
Is 706763 a prime number?
True
Is 451 composite?
True
Is 8779 a composite number?
False
Is 73985 prime?
False
Is 35669 a prime number?
False
Is 15053 composite?
False
Is 252533 prime?
True
Is 15101 prime?
True
Is 6079 a composite number?
False
Is 59 composite?
False
Is 26083 a prime number?
True
Is 239137 composite?
False
Is 9998 composite?
True
Is 7907 a composite number?
False
Is 54037 composite?
False
Is 59222 composite?
True
Is 1179985 a composite number?
True
Is 11731 a composite number?
False
Is 358499 a prime number?
True
Is 3797 composite?
False
Is 5411 a prime number?
False
Is 99523 a composite number?
False
Is 2743 a prime number?
False
Is 355669 a composite number?
False
Is 92609 composite?
True
Is 1381 composite?
False
Is 16573 composite?
False
Is 176999 a composite number?
True
Is 5671 a composite number?
True
Is 534739 a prime number?
True
Is 2551 composite?
False
Is 18841 prime?
False
Is 5627 a prime number?
False
Is 120503 a prime number?
True
Is 44011 composite?
True
Is 643583 a prime number?
True
Is 102703 composite?
True
Is 334603 composite?
False
Is 1489769 composite?
False
Is 26849 a composite number?
False
Is 53891 prime?
True
Is 11003 a composite number?
False
Is 5713 prime?
False
Is 26759 prime?
True
Is 31307 prime?
True
Is 215851 prime?
True
Is 11197 a composite number?
False
Is 8011 a prime number?
True
Is 264881 composite?
False
Is 911 a prime number?
True
Is 7331 composite?
False
Is 38501 prime?
True
Is 15619 a composite number?
False
Is 7807 a prime number?
False
Is 93745 composite?
True
Is 87719 a composite number?
False
Is 328397 prime?
True
Is 7342 a prime number?
False
Is 4791 prime?
False
Is 10001 prime?
False
Is 11777 a composite number?
False
Is 18439 composite?
False
Is 8327 composite?
True
Is 241759 a composite number?
True
Is 190207 a prime number?
True
Is 5065 a composite number?
True
Is 13271 a prime number?
False
Is 20369 a prime number?
True
Is 551 a prime number?
False
Is 5449 composite?
False
Is 667 a prime number?
False
Is 227461 a prime number?
False
Is 7451 composite?
False
Is 1162853 a composite number?
False
Is 15374 composite?
True
Is 124139 a prime number?
True
Is 691 a composite number?
False
Is 286373 prime?
False
Is 535273 a composite number?
False
Is 8553 prime?
False
Is 404951 composite?
False
Is 162005 prime?
False
Is 2573221 prime?
False
Is 3181 composite?
False
Is 12659 prime?
True
Is 551147 a prime number?
False
Is 4022386 a composite number?
True
Is 2573 a composite number?
True
Is 233039 a composite number?
True
Is 34991 a composite number?
True
Is 6938 a composite number?
True
Is 62387 composite?
True
Is 2542629 composite?
True
Is 234043 prime?
True
Is 8663 a prime number?
True
Is 16301 prime?
True
Is 532807 a prime number?
False
Is 914 a composite number?
True
Is 537131 composite?
True
Is 2529941 a prime number?
False
Is 100771 prime?
False
Is 45949 prime?
True
Is 233578 a composite number?
True
Is 21059 prime?
True
Is 179347 a composite number?
True
Is 81599 a prime number?
False
Is 329 prime?
False
Is 230561 composite?
False
Is 498679 composite?
False
Is 5623 composite?
False
Is 30867 prime?
False
Is 1473539 prime?
False
Is 12697 a prime number?
True
Is 2505515 prime?
False
Is 3061 prime?
True
Is 44755 prime?
False
Is 21629 prime?
False
Is 1801 a composite number?
False
Is 57521 composite?
True
Is 193631 a composite number?
True
Is 605707 composite?
False
Is 251033 prime?
True
Is 80651 a prime number?
True
Is 1089271 prime?
False
Is 389959 composite?
True
Is 32449 prime?
False
Is 33119 a prime number?
True
Is 563 prime?
True
Is 89627 a composite number?
False
Is 11177 composite?
False
Is 68303 a prime number?
False
Is 5987 a prime number?
True
Is 17881 a composite number?
False
Is 550911 a composite number?
True
Is 3927281 prime?
False
Is 29201 a prime number?
True
Is 8661 prime?
False
Is 15401 composite?
False
Is 33889 prime?
True
Is 6617 a composite number?
True
Is 469 prime?
False
Is 2568247 a composite number?
True
Is 40903 prime?
True
Is 7427 a composite number?
True
Is 29227 a prime number?
False
Is 15157 a composite number?
True
Is 3299 a prime number?
True
Is 11302 a prime number?
False
Is 125483 prime?
False
Is 3163 composite?
False
Is 23369 composite?
False
Is 3747 prime?
False
Is 99989 a prime number?
True
Is 55435 a prime number?
False
Is 59693 composite?
False
Is 22